 2*w(x). What are the prime factors of l(-2)?
2, 3, 13
Let a = 591 + -345. List the prime factors of a.
2, 3, 41
Let u(a) = -10*a**2 + 4*a. Let t(y) = -y**2 - 1. Let g(x) = 4*t(x) - u(x). List the prime factors of g(-3).
2, 31
Let m = -703 - -1710. List the prime factors of m.
19, 53
Let y(o) = -31*o**3 + 3*o**2 - 3*o + 2. Let z be y(2). Let c be z/56 - (-4)/14. List the prime factors of (-2 - 22)*c/6.
2
Suppose 2*z - 500 - 1044 = 0. What are the prime factors of z?
2, 193
Let y(v) be the first derivative of v - 8. Let m(w) = 12*w + 18. Let f(g) = m(g) - 12*y(g). What are the prime factors of f(3)?
2, 3, 7
Let n be 5/1 + 1 + -3. Suppose 0 = -0*o - n*o. Suppose o = -4*y - 49 + 153. List the prime factors of y.
2, 13
Let r be -40*5/((-20)/8). Let q = r + -33. List the prime factors of q.
47
Suppose 0 = -0*r - 5*r + 10620. Suppose 5*v - 138 = 5*b + 2492, v + r = -4*b. List the prime factors of (2/(-4))/(5/b).
53
Let k(b) = 165*b - 315. List the prime factors of k(8).
3, 5, 67
Let h = -89 + 152. What are the prime factors of h?
3, 7
Suppose -4*u + 7 + 1 = 0. Suppose -g + 404 = a + 2*a, u*a + g = 271. List the prime factors of a.
7, 19
Let z = 415 + -141. Let n = -106 + z. List the prime factors of n.
2, 3, 7
Suppose 0 = -s + 2*i - 26, 2*s - 2*i = -0*i - 44. Let d = 118 + s. List the prime factors of d.
2, 5
Suppose 86 = -3*h - 1. Let p = h + 34. List the prime factors of 297/p - (-4)/(-10).
59
Let h(z) = z**3 + 4*z**2 - 2*z - 5. Let v be h(-4). Suppose -8 = -v*q - q. Suppose -q*s + 2*i = -16, 4*s - 26 = 4*i - 3*i. List the prime factors of s.
2, 3
Suppose -5*m + 23 = -2*f, 2 = 4*m - 4*f - 26. Let h be ((-8)/(-2))/(m - 1). Suppose t - 19 = 5*p - h*p, 0 = t - 2*p - 20. List the prime factors of t.
2, 11
Suppose 6 = -3*f - 4*g, 4*f - 14 = 3*f + 4*g. Let h(i) = -3*i - 8 - 9*i**2 - i**3 - i**2 + 6*i**f. What are the prime factors of h(-4)?
2
Suppose 4*v + 4 = 24. Suppose v*s + 4*y = -y + 920, s - 4*y - 164 = 0. What are the prime factors of s?
2, 3, 5
Let p(i) = i**3 + 7*i**2 - 13*i - 4. Let a be p(6). Let x = -160 + a. List the prime factors of x.
2, 113
Let y = 109 + -77. Suppose -4*n + 5*w = 29, w + 2 - 7 = 0. What are the prime factors of 9*(n - y/(-12))?
3, 5
Suppose 0 = -4*a - 5*y - 86, 3*a + 2*y - 53 = 6*a. Let k be (-4)/10 + 1938/170. Let q = k - a. List the prime factors of q.
2, 3, 5
Let d(j) = 9*j - 15. Let u(g) = 19*g - 30. Let y(m) = -5*d(m) + 2*u(m). What are the prime factors of y(-8)?
71
Let q = -31 - -35. Suppose 5*d + 126 = q*y, -4*d = 4*y - 3*d - 138. What are the prime factors of y?
2, 17
Let i be (-2)/(-4) + 57/6 + -3. Suppose c - 325 = -4*a + i*a, -5*c + 1583 = -a. What are the prime factors of c?
2, 79
Let u(n) = -4*n**2 - 152*n + 24. What are the prime factors of u(-34)?
2, 71
Let l = 1025 - -332. What are the prime factors of l?
23, 59
Let w(t) be the first derivative of t**5/20 + t**4 - t**3/6 + t**2 - 2*t - 7. Let g(o) be the first derivative of w(o). List the prime factors of g(-12).
2, 7
Suppose 3*y = -m - 20, -4*y = 6*m - m + 56. Let q(s) = s**2 + 5*s - 7. What are the prime factors of q(m)?
17
Let f(m) = m**3 - 12*m**2 - 17*m + 2. Let d be 0 + (-6)/3*-7. Let c be f(d). Suppose -24 = 3*z - c. What are the prime factors of z?
2, 11
Suppose -61*k + 57*k + 1588 = 0. What are the prime factors of k?
397
Let x = -66 + 73. Suppose 2*k - x*k = -430. List the prime factors of k.
2, 43
Let y = -549 - -1041. What are the prime factors of y?
2, 3, 41
What are the prime factors of 2/(168/220766) - (-2)/(-12)?
2, 3, 73
Suppose -16*k + 6 = -10*k. Suppose 0 = -5*y + k + 424. List the prime factors of y.
5, 17
Let c(t) = t - 1. Let n(q) = -4*q + 4. Let p(g) = -9*c(g) - 2*n(g). Suppose f + 3*f + 3 = -3*o, o - 5*f + 1 = 0. What are the prime factors of p(o)?
2
Suppose -5*o - 4*l + 3 = 0, 4*l + 9 = o + 2*l. Suppose -2*m - 6 = -o*y, 16 + 10 = -3*m - 4*y. Let x = 11 + m. List the prime factors of x.
5
Suppose 11*o - 30762 = -7*o. List the prime factors of o.
1709
Let u be ((-4)/(-10))/(7/70). Suppose 5*a - 6*a + 107 = 4*l, -u*a - 4*l + 380 = 0. What are the prime factors of a?
7, 13
Suppose 0*g - 5*g = -o + 27, 0 = -5*o - 3*g - 5. Suppose -o*b + 18 = b. Suppose -b*h - 195 = -11*h. List the prime factors of h.
3, 13
Suppose 2*h - 121 - 609 = 0. Suppose -5*k + 10*k - 415 = -5*v, -5*k - h = -5*v. What are the prime factors of v?
2, 3, 13
What are the prime factors of (1884/15 + -2)/((-8)/(-20))?
3, 103
Let y(q) = q**2 + 11*q + 16. Let d be y(-7). Let b be 8/d*66/(-4). Suppose 5*u - b*u = -300. What are the prime factors of u?
2, 5
Suppose -3*q - 8 = b + 3*b, -b = 4*q + 2. Suppose 2*p - 5*t - 98 = q, 0*t + 2*t = -2*p + 84. Suppose -i + p = -2. List the prime factors of i.
2, 23
Let q(w) = -2*w + 19. Let n be 8*1 + (-8 - -8). Let m be q(n). Suppose -2*j + m*j - 86 = 3*x, 0 = -4*j - 4*x + 296. List the prime factors of j.
7, 11
Let a(i) = 4*i**2 - 11*i + 37. What are the prime factors of a(6)?
5, 23
Suppose 0*l - 12 = -3*k - 2*l, 0 = 4*k - l - 16. Suppose k*z = 5*z - 36. Suppose -140 = -4*w + z. What are the prime factors of w?
2, 11
Suppose -2*q + 371 = 143. Let o be (11/22)/((-1)/(-148)). Let b = q - o. List the prime factors of b.
2, 5
Let c(t) = -2*t**2 + 9*t - 1. Let s be c(6). Let r = s + 24. Let z = r + 6. List the prime factors of z.
11
Suppose f + 17 = 5*j + 2, -4*f - 20 = 0. Suppose j*a + 6 = 4*a. List the prime factors of a + (1 - 7) - -16.
13
Let q(l) = 5*l - 3. Let i be q(1). What are the prime factors of 1 + i - (-111)/3?
2, 5
Let o(v) = -v**3 + 18*v**2 + 24*v + 41. Let x be o(19). Suppose -4*d + x = i + 30, -4*i + 2*d + 406 = 0. What are the prime factors of i?
2, 3, 17
Let o be -10 + 11 + 0/(-2). Suppose k + o = 2*c, 3*c - 7*c - 7 = -5*k. Suppose 18 = c*b + 3*a, 9 = -b + 3*a - 0*a. List the prime factors of b.
3
Suppose z - 3 + 17 = 4*t, -2*t + 10 = -z. Let q = z + 52. Let i = -15 + q. What are the prime factors of i?
31
Let d(b) = 4*b + 56. Let h be d(0). Suppose 0 = m - h - 91. What are the prime factors of m?
3, 7
Let o(r) = -r**3 + r + 6. Let w be o(0). List the prime factors of (20/(-14))/(w/(-210)).
2, 5
Let r(m) = 3*m + 75. Let y be r(-10). Let t = -26 - -368. List the prime factors of (-2)/(-5) + t/y.
2
Let f be (-970)/(-6) - 18/27. Let u = 235 - f. What are the prime factors of u?
2, 37
Let w(k) = -k**3 + 4*k**2 + 5*k - 6. Let n be w(6). Let l be (-16)/n - 10/(-6). Suppose l*a - 204 = -2*a. List the prime factors of a.
3, 17
Let q = -17 - -18. Let i be q + 180/(-1*4). Let y = 77 + i. List the prime factors of y.
3, 11
Let y(q) = -6*q + 10. Let n(d) = 1. Let u(v) = -12*n(v) - y(v). Let g be u(12). Let r = g + -26. List the prime factors of r.
2, 3
Let w(u) = -u**2 + 16*u - 9. Let p be w(7). Suppose 0*a + 3*a - p = 0. Suppose 1 = -n + a. What are the prime factors of n?
17
Let c(l) be the first derivative of -7*l**2/2 + 13*l - 35. Let t be 2/(-5) + 66/(-10). What are the prime factors of c(t)?
2, 31
Let u(r) = 5*r**3 + 14*r - 8. What are the prime factors of u(5)?
3, 229
Suppose b - 71 - 4435 = 0. What are the prime factors of b?
2, 3, 751
Let b(u) = u**2 - 5*u + 4. Let i be b(5). Suppose 3*t = i*n + 6, -2*t - n + 2*n = 1. What are the prime factors of -2*84/(-8) - t?
23
Let p = 2 + -3. Suppose 5*g = 226 + 34. Let z = p + g. What are the prime factors of z?
3, 17
Let m(w) = w**2 - 3*w - 16. Let x be m(6). Suppose -x*t + 5*t - 48 = 0. What are the prime factors of t?
2
Let p(r) = -r**3 - 14*r - 25. List the prime factors of p(-6).
5, 11
Let y(f) = f**2 - 3*f + 7. Suppose -6*t + 103 + 11 = 0. Let g = -12 + t. List the prime factors of y(g).
5, 7
Let w be (-264)/(-42) + -6 + (-570)/(-14). Suppose -w*h = -39*h - 8. List the prime factors of h.
2
Let d = 23 + -14. Let i(p) = -p + 20. What are the prime factors of i(d)?
11
Let w = 5 + 3. Let i be (-9)/(-4) - 2/w. Suppose -2*y - i*c = -62, -3*c = 5*y - 2*c - 147. List the prime factors of y.
29
Suppose -10*f + 20 = -740. Let t = -18 + f. What are the prime factors of t?
2, 29
Let g(p) = 19*p + 4. Suppose -11*a = -7*a - 4. What are the prime factors of g(a)?
23
Let w = 39 + 16. Let n be (16/(-10))/((-22)/w). Suppose n*f - 4*g = 28, 2*f + g + 4 = -3*g. What are the prime factors of f?
2
Let d(a) = -3*a - 7. Let j(m) be the first derivative of m**4/4 - 5*m**3/3 + 3*m**2/2 - 11. Let